{"id":561,"date":"2023-12-27T09:54:41","date_gmt":"2023-12-27T09:54:41","guid":{"rendered":"https:\/\/www.zahradnitechnikakresta.cz\/?page_id=561"},"modified":"2023-12-27T10:23:51","modified_gmt":"2023-12-27T10:23:51","slug":"servis-pujcovna","status":"publish","type":"page","link":"https:\/\/www.zahradnitechnikakresta.cz\/index.php\/servis-pujcovna\/","title":{"rendered":"SERVIS &#038; P\u016eJ\u010cOVNA"},"content":{"rendered":"\t\t<div data-elementor-type=\"wp-page\" data-elementor-id=\"561\" class=\"elementor elementor-561\">\n\t\t\t\t\t\t<section class=\"elementor-section elementor-top-section elementor-element elementor-element-ee7241c elementor-section-boxed elementor-section-height-default elementor-section-height-default\" data-id=\"ee7241c\" data-element_type=\"section\">\n\t\t\t\t\t\t<div class=\"elementor-container elementor-column-gap-default\">\n\t\t\t\t\t<div class=\"elementor-column elementor-col-100 elementor-top-column elementor-element elementor-element-9c5e252\" data-id=\"9c5e252\" data-element_type=\"column\">\n\t\t\t<div class=\"elementor-widget-wrap\">\n\t\t\t\t\t\t\t<\/div>\n\t\t<\/div>\n\t\t\t\t\t<\/div>\n\t\t<\/section>\n\t\t\t\t<section class=\"elementor-section elementor-top-section elementor-element elementor-element-cad7660 elementor-section-boxed elementor-section-height-default elementor-section-height-default\" data-id=\"cad7660\" data-element_type=\"section\">\n\t\t\t\t\t\t<div class=\"elementor-container elementor-column-gap-default\">\n\t\t\t\t\t<div class=\"elementor-column elementor-col-100 elementor-top-column elementor-element elementor-element-d68ab7f\" data-id=\"d68ab7f\" data-element_type=\"column\">\n\t\t\t<div class=\"elementor-widget-wrap elementor-element-populated\">\n\t\t\t\t\t\t<div class=\"elementor-element elementor-element-98f811c elementor-widget elementor-widget-text-editor\" data-id=\"98f811c\" data-element_type=\"widget\" data-widget_type=\"text-editor.default\">\n\t\t\t\t<div class=\"elementor-widget-container\">\n\t\t\t\t\t\t\t\t\t<h2 class=\"category-name\" style=\"text-align: left;\"><img fetchpriority=\"high\" decoding=\"async\" class=\"alignright wp-image-455\" src=\"http:\/\/www.zahradnitechnikakresta.cz\/wp-content\/uploads\/2021\/04\/servis.jpg\" alt=\"\" width=\"500\" height=\"250\" srcset=\"https:\/\/www.zahradnitechnikakresta.cz\/wp-content\/uploads\/2021\/04\/servis.jpg 690w, https:\/\/www.zahradnitechnikakresta.cz\/wp-content\/uploads\/2021\/04\/servis-300x150.jpg 300w\" sizes=\"(max-width: 500px) 100vw, 500px\" \/>SERVIS<\/h2><div class=\"category-description color-dark\" style=\"text-align: left;\"><p>Servisujeme a udr\u017eujeme v kondici ve\u0161kerou Va\u0161i zahradn\u00ed techniku.<br \/>Se\u0159\u00edd\u00edme v\u0161e, co je pot\u0159eba, pro spr\u00e1vn\u00fd chod Va\u0161eho stroje, n\u00e1\u0159ad\u00ed.<br \/>Vym\u011bn\u00edme olej, olejov\u00fd filtr, sv\u00ed\u010dky, nama\u017eeme co m\u00e1 &#8222;klouzat&#8220; <br \/>a co m\u00e1 b\u00fdt such\u00e9, vy\u010dist\u00edme. Nabrous\u00edme pily, \u0159et\u011bzov\u00e9 \u0159et\u011bzy, seka\u010dky&#8230;.<\/p><\/div>\t\t\t\t\t\t\t\t<\/div>\n\t\t\t\t<\/div>\n\t\t\t\t\t<\/div>\n\t\t<\/div>\n\t\t\t\t\t<\/div>\n\t\t<\/section>\n\t\t\t\t<section class=\"elementor-section elementor-top-section elementor-element elementor-element-e67dff0 elementor-section-boxed elementor-section-height-default elementor-section-height-default\" data-id=\"e67dff0\" data-element_type=\"section\">\n\t\t\t\t\t\t<div class=\"elementor-container elementor-column-gap-default\">\n\t\t\t\t\t<div class=\"elementor-column elementor-col-100 elementor-top-column elementor-element elementor-element-fd517a1\" data-id=\"fd517a1\" data-element_type=\"column\">\n\t\t\t<div class=\"elementor-widget-wrap elementor-element-populated\">\n\t\t\t\t\t\t<div class=\"elementor-element elementor-element-6edaeeb elementor-widget-divider--view-line_text elementor-widget-divider--separator-type-pattern elementor-widget-divider--no-spacing elementor-widget-divider--element-align-center elementor-widget elementor-widget-divider\" data-id=\"6edaeeb\" data-element_type=\"widget\" data-widget_type=\"divider.default\">\n\t\t\t\t<div class=\"elementor-widget-container\">\n\t\t\t\t\t\t\t<div class=\"elementor-divider\" style=\"--divider-pattern-url: url(&quot;data:image\/svg+xml,%3Csvg xmlns=&#039;http:\/\/www.w3.org\/2000\/svg&#039; preserveAspectRatio=&#039;xMidYMid meet&#039; overflow=&#039;visible&#039; height=&#039;100%&#039; viewBox=&#039;0 0 120 26&#039; fill=&#039;black&#039; stroke=&#039;none&#039;%3E%3Cpath d=&#039;M54,1.6V26h-9V2.5L54,1.6z M69,1.6v23.3L60,26V1.6H69z M24,1.6v23.5l-9-0.6V1.6H24z M30,0l9,0.7v24.5h-9V0z M9,2.5v22H0V3.7L9,2.5z M75,1.6l9,0.9v22h-9V1.6z M99,2.7v21.7h-9V3.8L99,2.7z M114,3.8v20.7l-9-0.5V3.8L114,3.8z&#039;\/%3E%3C\/svg%3E&quot;);\">\n\t\t\t<span class=\"elementor-divider-separator\">\n\t\t\t\t\t\t\t<span class=\"elementor-divider__text elementor-divider__element\">\n\t\t\t\tP\u016eJ\u010cTE SI OD N\u00c1S....\t\t\t\t<\/span>\n\t\t\t\t\t\t<\/span>\n\t\t<\/div>\n\t\t\t\t\t\t<\/div>\n\t\t\t\t<\/div>\n\t\t\t\t\t<\/div>\n\t\t<\/div>\n\t\t\t\t\t<\/div>\n\t\t<\/section>\n\t\t\t\t<section class=\"elementor-section elementor-top-section elementor-element elementor-element-476b89f elementor-section-boxed elementor-section-height-default elementor-section-height-default\" data-id=\"476b89f\" data-element_type=\"section\">\n\t\t\t\t\t\t<div class=\"elementor-container elementor-column-gap-default\">\n\t\t\t\t\t<div class=\"elementor-column elementor-col-100 elementor-top-column elementor-element elementor-element-d90fbbe\" data-id=\"d90fbbe\" data-element_type=\"column\">\n\t\t\t<div class=\"elementor-widget-wrap elementor-element-populated\">\n\t\t\t\t\t\t<div class=\"elementor-element elementor-element-b7cd671 elementor-widget elementor-widget-text-editor\" data-id=\"b7cd671\" data-element_type=\"widget\" data-widget_type=\"text-editor.default\">\n\t\t\t\t<div class=\"elementor-widget-container\">\n\t\t\t\t\t\t\t\t\t<p>V\u00edce informac\u00ed o p\u016fj\u010den\u00ed &#8222;vertikut\u00e1toru&#8220; nebo &#8222;rozmetadla&#8220; na prodejn\u011b, po telefonu nebo emailem.<\/p>\t\t\t\t\t\t\t\t<\/div>\n\t\t\t\t<\/div>\n\t\t\t\t\t<\/div>\n\t\t<\/div>\n\t\t\t\t\t<\/div>\n\t\t<\/section>\n\t\t\t\t<section class=\"elementor-section elementor-top-section elementor-element elementor-element-59d11f6 elementor-section-boxed elementor-section-height-default elementor-section-height-default\" data-id=\"59d11f6\" data-element_type=\"section\">\n\t\t\t\t\t\t<div class=\"elementor-container elementor-column-gap-default\">\n\t\t\t\t\t<div class=\"elementor-column elementor-col-100 elementor-top-column elementor-element elementor-element-b963504\" data-id=\"b963504\" data-element_type=\"column\">\n\t\t\t<div class=\"elementor-widget-wrap elementor-element-populated\">\n\t\t\t\t\t\t<div class=\"elementor-element elementor-element-ee06601 elementor-widget elementor-widget-text-editor\" data-id=\"ee06601\" data-element_type=\"widget\" data-widget_type=\"text-editor.default\">\n\t\t\t\t<div class=\"elementor-widget-container\">\n\t\t\t\t\t\t\t\t\t<h2 class=\"category-name\"><img decoding=\"async\" class=\"wp-image-454 alignleft\" src=\"http:\/\/www.zahradnitechnikakresta.cz\/wp-content\/uploads\/2021\/04\/vertikutator-eliet-e-401-ecoliner.jpg\" alt=\"\" width=\"500\" height=\"250\" srcset=\"https:\/\/www.zahradnitechnikakresta.cz\/wp-content\/uploads\/2021\/04\/vertikutator-eliet-e-401-ecoliner.jpg 690w, https:\/\/www.zahradnitechnikakresta.cz\/wp-content\/uploads\/2021\/04\/vertikutator-eliet-e-401-ecoliner-300x150.jpg 300w\" sizes=\"(max-width: 500px) 100vw, 500px\" \/> VERTIKUT\u00c1TOR<\/h2><p>Vertikutuje se kdy\u017e&#8230;<\/p><div class=\"category-description color-dark\"><p style=\"text-align: left;\">Kdy\u017e je jaro &#8211; konec b\u0159ezna, duben, za\u010d\u00e1tek kv\u011btna nebo\u00a0 kdy\u017e pomalu za\u010d\u00edn\u00e1 podzim, koncem srpna, v z\u00e1\u0159\u00ed. Vertikut\u00e1tor tr\u00e1vn\u00edk pro\u010dist\u00ed, provzdu\u0161n\u00ed a ud\u011bl\u00e1 z\u00e1klad pro p\u011bkn\u00fd tr\u00e1vn\u00edk v dal\u0161\u00ed sez\u00f3n\u011b. P\u0159ed vertikutac\u00ed je pot\u0159eba tr\u00e1vn\u00edk posekat. V p\u0159\u00edpad\u011b, \u017ee je mokr\u00fd, nechat zaschnout. Teprve potom ur\u010dujeme do hloubky cca 2 a\u017e 3 milimetr\u016f.\u00a0\u00a0Vertikutaci je dobr\u00e9 prov\u00e9st nejd\u0159\u00edve jedn\u00edm sm\u011brem a potom k\u0159\u00ed\u017eem druh\u00fdm sm\u011brem. Odpad po vertikutaci shrabeme a d\u00e1me&#8230; t\u0159eba do kompost\u00e9ru.<\/p><\/div><p>\u00a0<\/p>\t\t\t\t\t\t\t\t<\/div>\n\t\t\t\t<\/div>\n\t\t\t\t\t<\/div>\n\t\t<\/div>\n\t\t\t\t\t<\/div>\n\t\t<\/section>\n\t\t\t\t<section class=\"elementor-section elementor-top-section elementor-element elementor-element-2cb5313 elementor-section-boxed elementor-section-height-default elementor-section-height-default\" data-id=\"2cb5313\" data-element_type=\"section\">\n\t\t\t\t\t\t<div class=\"elementor-container elementor-column-gap-default\">\n\t\t\t\t\t<div class=\"elementor-column elementor-col-100 elementor-top-column elementor-element elementor-element-28c88ac\" data-id=\"28c88ac\" data-element_type=\"column\">\n\t\t\t<div class=\"elementor-widget-wrap elementor-element-populated\">\n\t\t\t\t\t\t<div class=\"elementor-element elementor-element-3feafd4 elementor-widget elementor-widget-text-editor\" data-id=\"3feafd4\" data-element_type=\"widget\" data-widget_type=\"text-editor.default\">\n\t\t\t\t<div class=\"elementor-widget-container\">\n\t\t\t\t\t\t\t\t\t<h2 style=\"text-align: left;\"><img decoding=\"async\" class=\"alignright wp-image-463\" src=\"http:\/\/www.zahradnitechnikakresta.cz\/wp-content\/uploads\/2021\/04\/rozmetac-300x150.jpg\" alt=\"\" width=\"500\" height=\"250\" srcset=\"https:\/\/www.zahradnitechnikakresta.cz\/wp-content\/uploads\/2021\/04\/rozmetac-300x150.jpg 300w, https:\/\/www.zahradnitechnikakresta.cz\/wp-content\/uploads\/2021\/04\/rozmetac.jpg 690w\" sizes=\"(max-width: 500px) 100vw, 500px\" \/>ROZMETADLO STOCKER<\/h2><p>Rozmetadlo poj\u00edzdn\u00e9 60 l\u00a0 &#8211; Stocker<\/p><p>Ru\u010dn\u00ed posypov\u00fd rozmeta\u010d s regulac\u00ed posypu v rukojeti je ur\u010den\u00fd k aplikaci hnojiv, osiva a v zim\u011b i soli a p\u00edsku. Rozsah 5 m, velk\u00e1 kola pro snadnou manipulaci.<\/p><p style=\"text-align: left;\">\u00a0<\/p>\t\t\t\t\t\t\t\t<\/div>\n\t\t\t\t<\/div>\n\t\t\t\t\t<\/div>\n\t\t<\/div>\n\t\t\t\t\t<\/div>\n\t\t<\/section>\n\t\t\t\t<section class=\"elementor-section elementor-top-section elementor-element elementor-element-d1c489a elementor-section-boxed elementor-section-height-default elementor-section-height-default\" data-id=\"d1c489a\" data-element_type=\"section\">\n\t\t\t\t\t\t<div class=\"elementor-container elementor-column-gap-default\">\n\t\t\t\t\t<div class=\"elementor-column elementor-col-100 elementor-top-column elementor-element elementor-element-55cd063\" data-id=\"55cd063\" data-element_type=\"column\">\n\t\t\t<div class=\"elementor-widget-wrap\">\n\t\t\t\t\t\t\t<\/div>\n\t\t<\/div>\n\t\t\t\t\t<\/div>\n\t\t<\/section>\n\t\t\t\t<section class=\"elementor-section elementor-top-section elementor-element elementor-element-b7708ab elementor-section-boxed elementor-section-height-default elementor-section-height-default\" data-id=\"b7708ab\" data-element_type=\"section\">\n\t\t\t\t\t\t<div class=\"elementor-container elementor-column-gap-default\">\n\t\t\t\t\t<div class=\"elementor-column elementor-col-100 elementor-top-column elementor-element elementor-element-e8b728f\" data-id=\"e8b728f\" data-element_type=\"column\">\n\t\t\t<div class=\"elementor-widget-wrap\">\n\t\t\t\t\t\t\t<\/div>\n\t\t<\/div>\n\t\t\t\t\t<\/div>\n\t\t<\/section>\n\t\t\t\t<\/div>\n\t\t","protected":false},"excerpt":{"rendered":"<p>SERVIS Servisujeme a udr\u017eujeme v kondici ve\u0161kerou Va\u0161i zahradn\u00ed techniku.Se\u0159\u00edd\u00edme v\u0161e, co je pot\u0159eba, pro spr\u00e1vn\u00fd chod Va\u0161eho stroje, n\u00e1\u0159ad\u00ed.Vym\u011bn\u00edme olej, olejov\u00fd filtr, sv\u00ed\u010dky, nama\u017eeme co m\u00e1 &#8222;klouzat&#8220; a co m\u00e1 b\u00fdt such\u00e9, vy\u010dist\u00edme. Nabrous\u00edme pily, \u0159et\u011bzov\u00e9 \u0159et\u011bzy, seka\u010dky&#8230;. P\u016eJ\u010cTE SI OD N\u00c1S&#8230;. V\u00edce informac\u00ed o p\u016fj\u010den\u00ed &#8222;vertikut\u00e1toru&#8220; nebo &#8222;rozmetadla&#8220; na prodejn\u011b, po telefonu nebo emailem. VERTIKUT\u00c1TOR Vertikutuje se kdy\u017e&#8230; Kdy\u017e je jaro &#8211; konec b\u0159ezna, duben, za\u010d\u00e1tek kv\u011btna nebo\u00a0 kdy\u017e pomalu za\u010d\u00edn\u00e1 podzim, koncem srpna, v z\u00e1\u0159\u00ed. Vertikut\u00e1tor tr\u00e1vn\u00edk pro\u010dist\u00ed, provzdu\u0161n\u00ed a ud\u011bl\u00e1 z\u00e1klad pro p\u011bkn\u00fd tr\u00e1vn\u00edk v dal\u0161\u00ed sez\u00f3n\u011b. P\u0159ed vertikutac\u00ed je pot\u0159eba tr\u00e1vn\u00edk posekat. V p\u0159\u00edpad\u011b, \u017ee je mokr\u00fd, nechat zaschnout. Teprve potom ur\u010dujeme do hloubky cca 2 a\u017e 3 milimetr\u016f.\u00a0\u00a0Vertikutaci je dobr\u00e9 prov\u00e9st nejd\u0159\u00edve jedn\u00edm sm\u011brem a potom k\u0159\u00ed\u017eem druh\u00fdm sm\u011brem. Odpad po vertikutaci shrabeme a d\u00e1me&#8230; t\u0159eba do kompost\u00e9ru. \u00a0 ROZMETADLO STOCKER Rozmetadlo poj\u00edzdn\u00e9 60 l\u00a0 &#8211; Stocker Ru\u010dn\u00ed posypov\u00fd rozmeta\u010d s regulac\u00ed posypu v rukojeti je ur\u010den\u00fd k aplikaci hnojiv, osiva a v zim\u011b i soli a p\u00edsku. Rozsah 5 m, velk\u00e1 kola pro snadnou manipulaci. \u00a0<\/p>\n","protected":false},"author":1,"featured_media":0,"parent":0,"menu_order":0,"comment_status":"closed","ping_status":"closed","template":"","meta":{"ngg_post_thumbnail":0,"footnotes":""},"class_list":["post-561","page","type-page","status-publish","hentry"],"acf":[],"_links":{"self":[{"href":"https:\/\/www.zahradnitechnikakresta.cz\/index.php\/wp-json\/wp\/v2\/pages\/561","targetHints":{"allow":["GET"]}}],"collection":[{"href":"https:\/\/www.zahradnitechnikakresta.cz\/index.php\/wp-json\/wp\/v2\/pages"}],"about":[{"href":"https:\/\/www.zahradnitechnikakresta.cz\/index.php\/wp-json\/wp\/v2\/types\/page"}],"author":[{"embeddable":true,"href":"https:\/\/www.zahradnitechnikakresta.cz\/index.php\/wp-json\/wp\/v2\/users\/1"}],"replies":[{"embeddable":true,"href":"https:\/\/www.zahradnitechnikakresta.cz\/index.php\/wp-json\/wp\/v2\/comments?post=561"}],"version-history":[{"count":3,"href":"https:\/\/www.zahradnitechnikakresta.cz\/index.php\/wp-json\/wp\/v2\/pages\/561\/revisions"}],"predecessor-version":[{"id":573,"href":"https:\/\/www.zahradnitechnikakresta.cz\/index.php\/wp-json\/wp\/v2\/pages\/561\/revisions\/573"}],"wp:attachment":[{"href":"https:\/\/www.zahradnitechnikakresta.cz\/index.php\/wp-json\/wp\/v2\/media?parent=561"}],"curies":[{"name":"wp","href":"https:\/\/api.w.org\/{rel}","templated":true}]}}